at are the prime factors of 1984?
2, 31
What are the prime factors of 874?
2, 19, 23
What are the prime factors of 2836?
2, 709
What are the prime factors of 15261?
3, 5087
List the prime factors of 13832.
2, 7, 13, 19
List the prime factors of 10910.
2, 5, 1091
What are the prime factors of 399?
3, 7, 19
List the prime factors of 34039.
34039
List the prime factors of 33593.
7, 4799
What are the prime factors of 68319?
3, 7591
What are the prime factors of 23810?
2, 5, 2381
What are the prime factors of 4680?
2, 3, 5, 13
List the prime factors of 4049.
4049
List the prime factors of 6041.
7, 863
List the prime factors of 8409.
3, 2803
What are the prime factors of 20955?
3, 5, 11, 127
List the prime factors of 10519.
67, 157
What are the prime factors of 25138?
2, 12569
What are the prime factors of 279?
3, 31
What are the prime factors of 87?
3, 29
What are the prime factors of 906?
2, 3, 151
List the prime factors of 1547.
7, 13, 17
List the prime factors of 64762.
2, 32381
What are the prime factors of 47070?
2, 3, 5, 523
List the prime factors of 38529.
3, 1427
What are the prime factors of 303?
3, 101
What are the prime factors of 1180?
2, 5, 59
What are the prime factors of 1191?
3, 397
What are the prime factors of 9923?
9923
What are the prime factors of 152?
2, 19
List the prime factors of 5185.
5, 17, 61
List the prime factors of 13850.
2, 5, 277
List the prime factors of 13207.
47, 281
What are the prime factors of 16238?
2, 23, 353
What are the prime factors of 2444?
2, 13, 47
What are the prime factors of 176391?
3, 47, 139
What are the prime factors of 1027?
13, 79
List the prime factors of 84860.
2, 5, 4243
List the prime factors of 890.
2, 5, 89
What are the prime factors of 3626?
2, 7, 37
What are the prime factors of 39527?
29, 47
List the prime factors of 24577.
7, 3511
What are the prime factors of 2118?
2, 3, 353
List the prime factors of 2252.
2, 563
List the prime factors of 6635.
5, 1327
What are the prime factors of 34276?
2, 11, 19, 41
List the prime factors of 5963.
67, 89
What are the prime factors of 80010?
2, 3, 5, 7, 127
What are the prime factors of 9905?
5, 7, 283
What are the prime factors of 1666?
2, 7, 17
List the prime factors of 5095.
5, 1019
What are the prime factors of 83344?
2, 5209
List the prime factors of 5343.
3, 13, 137
What are the prime factors of 8869?
7, 181
What are the prime factors of 494?
2, 13, 19
List the prime factors of 10087.
7, 11, 131
What are the prime factors of 7876?
2, 11, 179
What are the prime factors of 807?
3, 269
What are the prime factors of 165?
3, 5, 11
List the prime factors of 787.
787
List the prime factors of 12686.
2, 6343
List the prime factors of 26458.
2, 13229
List the prime factors of 4237.
19, 223
List the prime factors of 13366.
2, 41, 163
List the prime factors of 58634.
2, 19, 1543
List the prime factors of 138.
2, 3, 23
List the prime factors of 213.
3, 71
List the prime factors of 3207.
3, 1069
List the prime factors of 88531.
223, 397
What are the prime factors of 514?
2, 257
List the prime factors of 98083.
43, 2281
List the prime factors of 32177.
23, 1399
List the prime factors of 6400.
2, 5
List the prime factors of 169164.
2, 3, 37, 127
List the prime factors of 6557.
79, 83
List the prime factors of 609.
3, 7, 29
What are the prime factors of 41874?
2, 3, 7, 997
What are the prime factors of 57?
3, 19
What are the prime factors of 6156?
2, 3, 19
List the prime factors of 4909.
4909
List the prime factors of 13801.
37, 373
List the prime factors of 10491.
3, 13, 269
List the prime factors of 64555.
5, 12911
List the prime factors of 51576.
2, 3, 7, 307
List the prime factors of 7613.
23, 331
List the prime factors of 4923.
3, 547
What are the prime factors of 8938?
2, 41, 109
List the prime factors of 16741.
16741
What are the prime factors of 5672?
2, 709
List the prime factors of 8504.
2, 1063
What are the prime factors of 85606?
2, 23, 1861
List the prime factors of 16168.
2, 43, 47
List the prime factors of 696.
2, 3, 29
What are the prime factors of 3449?
3449
List the prime factors of 28695.
3, 5, 1913
What are the prime factors of 13488?
2, 3, 281
What are the prime factors of 102217?
102217
List the prime factors of 5405.
5, 23, 47
List the prime factors of 49388.
2, 12347
List the prime factors of 5225.
5, 11, 19
What are the prime factors of 5352?
2, 3, 223
List the prime factors of 318.
2, 3, 53
What are the prime factors of 40088?
2, 5011
List the prime factors of 5298.
2, 3, 883
What are the prime factors of 2255?
5, 11, 41
List the prime factors of 2383.
2383
What are the prime factors of 3913?
7, 13, 43
What are the prime factors of 32186?
2, 7, 11, 19
What are the prime factors of 74560?
2, 5, 233
What are the prime factors of 3686?
2, 19, 97
What are the prime factors of 15143?
19, 797
What are the prime factors of 14727?
3, 4909
List the prime factors of 71930.
2, 5, 7193
List the prime factors of 1413.
3, 157
What are the prime factors of 1745?
5, 349
What are the prime factors of 106088?
2, 89, 149
What are the prime factors of 330?
2, 3, 5, 11
List the prime factors of 80732.
2, 20183
List the prime factors of 77035.
5, 7, 31, 71
What are the prime factors of 21286?
2, 29, 367
List the prime factors of 146320.
2, 5, 31, 59
What are the prime factors of 99?
3, 11
What are the prime factors of 1963?
13, 151
What are the prime factors of 353?
353
List the prime factors of 14005.
5, 2801
What are the prime factors of 17109?
3, 1901
What are the prime factors of 824?
2, 103
List the prime factors of 6220.
2, 5, 311
What are the prime factors of 26299?
7, 13, 17
List the prime factors of 39.
3, 13
What are the prime factors of 8750?
2, 5, 7
List the prime factors of 1491.
3, 7, 71
List the prime factors of 31503.
3, 10501
List the prime factors of 7187.
7187
What are the prime factors of 67636?
2, 37, 457
List the prime factors of 19022.
2, 9511
What are the prime factors of 2526?
2, 3, 421
List the prime factors of 348.
2, 3, 29
List the prime factors of 449.
449
What are the prime factors of 3600?
2, 3, 5
List the prime factors of 1668.
2, 3, 139
List the prime factors of 2030.
2, 5, 7, 29
List the prime factors of 32316.
2, 3, 2693
What are the prime factors of 48899?
107, 457
What are the prime factors of 5658?
2, 3, 23, 41
What are the prime factors of 25839?
3, 11, 29
What are the prime factors of 12212?
2, 43, 71
List the prime factors of 676.
2, 13
What are the prime factors of 59867?
131, 457
What are the prime factors of 910?
2, 5, 7, 13
List the prime factors of 41.
41
List the prime factors of 1097.
1097
List the prime factors of 216.
2, 3
List the prime factors of 6411.
3, 2137
List the prime factors of 7346.
2, 3673
What are the prime factors of 28932?
2, 3, 2411
List the prime factors of 123991.
7, 17713
What are the prime factors of 6403?
19, 337
List the prime factors of 1870.
2, 5, 11, 17
List the prime factors of 1427.
1427
List the prime factors of 82444.
2, 20611
What are the prime factors of 52?
2, 13
List the prime factors of 10171.
7, 1453
List the prime factors of 16342.
2, 8171
What are the prime factors of 2134?
2, 11, 97
List the prime factors of 31550.
2, 5, 631
List the prime factors of 29329.
139, 211
What are the prime factors of 751?
751
What are the prime factors of 2358?
2, 3, 131
What are the prime factors of 1198?
2, 599
List the prime factors of 4447.
4447
What are the prime factors of 815?
5, 163
List the prime factors of 4122.
2, 3, 229
What are the prime factors of 820?
2, 5, 41
List the prime factors of 1275.
3, 5, 17
What are the prime factors of 2410?
2, 5, 241
List the prime factors of 613.
613
List the prime factors of 135.
3, 5
List the prime factors of 2141.
2141
What are the prime factors of 102610?
2, 5, 31, 331
What are the prime factors of 1464?
2, 3, 61
List the prime factors of 4458.
2, 3, 743
List the prime factors of 989.
23, 43
What are the prime factors of 4197?
3, 1399
List the prime factors of 1510.
2, 5, 151
List the prime factors of 15303.
3, 5101
What are the prime factors of 105873?
3, 35291
What are the prime factors of 398?
2, 199
What are the prime factors of 5259?
3, 1753
List the prime factors of 22056.
2, 3, 919
List the prime factors of 2848.
2, 89
What are t